divisor of 251120 and 272.
16
What is the greatest common divisor of 1450 and 1472?
2
Calculate the greatest common divisor of 18 and 9060.
6
What is the greatest common divisor of 4 and 20037?
1
What is the highest common divisor of 61688 and 105851?
701
Calculate the highest common factor of 5750 and 253.
23
What is the highest common factor of 5624 and 4958?
74
Calculate the greatest common factor of 10586 and 3239.
79
Calculate the greatest common factor of 21462 and 730.
146
Calculate the highest common divisor of 2702 and 70.
14
Calculate the greatest common factor of 537051 and 87.
87
What is the greatest common divisor of 2070 and 15570?
90
Calculate the highest common factor of 12295340 and 92.
92
What is the greatest common divisor of 3819365 and 242?
121
Calculate the greatest common factor of 245 and 2054815.
245
What is the greatest common factor of 450 and 2040525?
225
Calculate the greatest common divisor of 14912 and 12992.
64
Calculate the highest common factor of 281467 and 3350.
67
What is the highest common divisor of 90 and 4662?
18
Calculate the greatest common factor of 2975268 and 12.
12
What is the greatest common divisor of 1574 and 44859?
787
Calculate the highest common factor of 3 and 215637.
3
What is the greatest common factor of 3378424 and 172?
172
What is the greatest common divisor of 16 and 1040344?
8
Calculate the highest common factor of 2331 and 178488.
333
What is the greatest common factor of 566 and 645523?
283
Calculate the greatest common factor of 3444 and 138.
6
Calculate the greatest common factor of 40 and 312.
8
What is the highest common factor of 34 and 164543?
17
What is the greatest common factor of 28 and 19?
1
What is the highest common factor of 333 and 3033075?
111
What is the greatest common factor of 695 and 5454638?
139
What is the greatest common factor of 14337 and 2301?
177
What is the highest common divisor of 65 and 2056080?
65
What is the highest common divisor of 1000 and 4744?
8
What is the highest common divisor of 1944990 and 270?
90
What is the highest common factor of 501 and 50601?
501
What is the greatest common divisor of 1728 and 1215?
27
What is the greatest common divisor of 13079 and 53669?
451
What is the highest common factor of 24156 and 4?
4
What is the highest common factor of 7 and 1976149?
7
Calculate the highest common divisor of 3246950 and 1050.
350
Calculate the highest common factor of 2030 and 630.
70
What is the greatest common divisor of 735562 and 10?
2
Calculate the highest common divisor of 449389 and 309.
103
Calculate the highest common divisor of 89 and 61143.
89
What is the highest common factor of 180682 and 732?
122
Calculate the greatest common factor of 900 and 88425.
225
Calculate the highest common factor of 2782 and 689.
13
Calculate the greatest common divisor of 23991 and 165.
33
Calculate the greatest common divisor of 894600 and 13500.
900
What is the greatest common divisor of 4 and 2982?
2
What is the highest common divisor of 2140 and 370?
10
Calculate the highest common factor of 2835274 and 39.
13
Calculate the greatest common divisor of 138 and 68402.
46
What is the highest common divisor of 498294 and 1457?
1457
Calculate the greatest common factor of 48 and 729156.
12
What is the highest common divisor of 27 and 108729?
27
Calculate the highest common divisor of 168 and 83146.
14
What is the greatest common factor of 15171 and 5811?
39
Calculate the greatest common divisor of 398493 and 18.
9
What is the greatest common divisor of 378708 and 1100?
44
Calculate the greatest common divisor of 4562 and 32.
2
Calculate the highest common factor of 856 and 321.
107
Calculate the highest common divisor of 41 and 227.
1
What is the greatest common factor of 13620 and 8955?
15
What is the highest common factor of 9016 and 1003352?
1288
Calculate the highest common divisor of 137309 and 11849.
697
What is the greatest common factor of 2925 and 125?
25
What is the greatest common factor of 1077 and 157601?
359
Calculate the highest common divisor of 558 and 841464.
558
Calculate the highest common divisor of 14471 and 3493.
499
What is the greatest common divisor of 1711923 and 876?
219
Calculate the greatest common divisor of 1422 and 440.
2
What is the highest common divisor of 22 and 139865?
11
Calculate the highest common factor of 11671 and 22.
11
Calculate the highest common divisor of 1080 and 3300.
60
Calculate the highest common factor of 24 and 222592.
8
What is the highest common factor of 29655 and 57?
3
Calculate the greatest common divisor of 8663067 and 126.
63
What is the greatest common factor of 5251 and 979?
89
Calculate the greatest common factor of 1634188 and 1592.
796
What is the greatest common divisor of 5470 and 70?
10
Calculate the greatest common factor of 525 and 12985.
35
Calculate the highest common divisor of 5390 and 379610.
770
Calculate the highest common factor of 1936 and 1386.
22
What is the highest common factor of 81 and 1327077?
27
Calculate the highest common factor of 646 and 125596.
34
What is the greatest common divisor of 1086 and 15566?
362
Calculate the greatest common factor of 28 and 6839.
7
Calculate the highest common factor of 100 and 3301180.
20
What is the greatest common factor of 950817 and 266?
133
What is the highest common divisor of 281 and 10397?
281
What is the greatest common divisor of 74788 and 28?
28
What is the highest common divisor of 11368 and 1044?
116
Calculate the highest common divisor of 4352 and 8908.
68
Calculate the greatest common divisor of 12 and 21504.
12
What is the highest common divisor of 875 and 2051?
7
Calculate the highest common divisor of 2905 and 291081.
581
Calculate the greatest common factor of 520 and 895.
5
What is the highest common divisor of 72324 and 2268?
252
What is the greatest common divisor of 17236 and 651?
31
Calculate the greatest common divisor of 15718 and 6.
2
Calculate the highest common factor of 81640 and 24.
8
Calculate the highest common factor of 922584 and 234.
78
What is the greatest common factor of 335054 and 5752?
1438
Calculate the highest common divisor of 15589 and 896.
7
What is the greatest common factor of 1369533 and 47?
47
What is the highest common divisor of 9234 and 11178?
486
Calculate the greatest common divisor of 247557 and 537.
537
Calculate the greatest common divisor of 36 and 418020.
12
What is the highest common divisor of 216 and 213732?
108
What is the highest common divisor of 4398 and 72?
6
Calculate the greatest common factor of 1602 and 72357.
267
Calculate the highest common divisor of 1275729 and 1911.
273
What is the highest common divisor of 51 and 2859?
3
What is the highest common factor of 1540 and 775?
5
Calculate the greatest common factor of 8490 and 5.
5
Calculate the greatest common divisor of 3435 and 555.
15
What is the greatest common divisor of 25039 and 35?
7
Calculate the greatest common divisor of 42 and 215268.
6
What is the highest common factor of 124 and 1531028?
124
What is the greatest common divisor of 398 and 190642?
398
What is the highest common factor of 638 and 40136?
58
What is the greatest common factor of 825 and 558030?
165
What is the highest common divisor of 746 and 6?
2
What is the highest common factor of 11 and 1471?
1
Calculate the highest common divisor of 50 and 770975.
25
Calculate the highest common factor of 160926 and 42.
6
Calculate the highest common divisor of 9282 and 11778.
78
What is the greatest common divisor of 80 and 73930?
10
What is the greatest common divisor of 2044 and 11298?
14
What is the highest common factor of 447 and 39?
3
Calculate the highest common divisor of 2895759 and 45.
9
Calculate the highest common divisor of 25941 and 3.
3
What is the highest common factor of 338083 and 699?
233
What is the highest common factor of 6409 and 247?
13
Calculate the greatest common factor of 74065 and 45.
5
Calculate the greatest common divisor of 44683 and 11.
1
Calculate the highest common divisor of 14824 and 1054.
34
What is the greatest common factor of 67609 and 74579?
697
Calculate the greatest common factor of 72 and 23032.
8
What is the highest common factor of 3414 and 507?
3
What is the greatest common divisor of 3